is the hundreds digit of h?
5
Suppose -4*y = -8, -53508 = -4*b - 4*y - 11072. What is the hundreds digit of b?
6
Let u(n) = 2*n + 92. Let w be (-31)/(-4) - ((-15)/(-20))/(-3). What is the tens digit of u(w)?
0
Suppose 4*l - 5*s + 19 = 0, -2*l - 3*s = -8 + 1. Let d be l/2 - (-6232)/16. Suppose 2*f - r - d = 125, 257 = f + 3*r. What is the hundreds digit of f?
2
Suppose 179*x - 1223179 = 220456. What is the thousands digit of x?
8
Let l(k) = -4*k - 2. Let j be l(-2). Let s = -2291 + 2675. Suppose -j*v - s = -22*v. What is the tens digit of v?
2
Suppose -4*h + 70916 = 4*u, 2*h + 21927 - 4207 = u. What is the thousands digit of u?
7
Suppose 3*r - 2757 - 11880 = 0. What is the hundreds digit of r?
8
Let l be 4/12*3 + 22 - 2. Suppose l*y = -65 + 485. What is the tens digit of y?
2
Suppose -13*b - 7202 = -0*b. Let m = b + 1181. What is the hundreds digit of m?
6
Let t(m) = -17 - 5*m + 15*m + 12*m**2 - 5*m. Let o = -65 + 68. What is the units digit of t(o)?
6
Let q(n) = 351*n - 435. What is the thousands digit of q(11)?
3
Suppose -2*o - 2*t + 1846 = 0, -2*o = -0*t + 5*t - 1849. What is the units digit of o?
2
Let w(m) = 2*m**3 - 15*m**2 + 20*m + 21. Let z be (8 + 105/(-10))/((-1)/4). What is the hundreds digit of w(z)?
7
Let u = -36202 + 58008. What is the ten thousands digit of u?
2
What is the units digit of (5840937/(-1362))/(3/(-2) - -1)?
7
Suppose 0 = -16*m + 4*m + 284832. Suppose -2*v = 21*v - m. What is the tens digit of v?
3
Let m(b) = -b**2 - 4*b + 1. Let o = -127 + 125. Let l be m(o). Suppose 279 = 5*f + 4*z - 366, l*f - 4*z = 605. What is the units digit of f?
5
Let l(v) = 592 - 586 + 26*v - 173*v. What is the tens digit of l(-1)?
5
Let z(n) = -n**2 - 11*n. Suppose -29 = 5*y + 11. Let b be z(y). Let u = 41 - b. What is the tens digit of u?
1
Let u(w) = w**2 + 30*w + 60. What is the units digit of u(68)?
4
What is the units digit of -2 - -8 - 225159/(209/(-19))?
5
Let j be 4 + 68/(-20) + (-12)/20. Suppose 432 = p - 4*m, -19*p + 16*p - 3*m + 1371 = j. What is the hundreds digit of p?
4
Let a = 13398 - 4666. What is the thousands digit of a?
8
Let u be 1/(8/(-10) + 1). Let g(z) = z**2 + 72*z + 1309. Let r be g(-28). Suppose 425 + r = 5*p - 4*s, u*p = s + 493. What is the units digit of p?
8
Let q(z) = -3*z - 34 + z**2 - 9*z - 5*z. Let d be q(18). What is the tens digit of ((-348)/d)/(9/24) + -2?
5
Let b(x) = 539*x - 2998. What is the thousands digit of b(10)?
2
Let h = 75 + 81. Suppose 0 = -4*v + u + 1107, -5*v + 2*u + 1224 = -h. What is the units digit of v?
8
Let h = 3165 + -542. Suppose 9103 - h = 9*n. Suppose 4*a + 2*p = n, a - 173 = -p + 4*p. What is the tens digit of a?
7
Let a = -46 - -204. Suppose 4*i - 3*i = -a. Let p = -88 - i. What is the units digit of p?
0
Let v = 23988 + -4113. What is the hundreds digit of v?
8
Suppose -33 = -5*k - 4*w, -5*k = -0*w - w - 23. Suppose -4*j + 4*y = -28, 1 - 4 = 3*j + k*y. What is the units digit of (8/(-3))/(j/(-132))?
8
What is the tens digit of ((4*5/(-60))/1)/((-1)/354)?
1
Let n(v) be the second derivative of v**4/6 - 5*v**3/6 - 9*v**2 - v + 12. What is the hundreds digit of n(-12)?
3
Suppose 2*h + 116 = 3*j - 2*h, -2*j + 3*h = -76. Let a(d) = -11*d**2 + 237*d + 77. Let y be a(19). Suppose -47*i + y = -j*i. What is the units digit of i?
3
Let n(k) = 4*k**2 + 183*k + 7. What is the thousands digit of n(-71)?
7
Let u be 4/((-6 + 4)*(-1)/(-6)). What is the hundreds digit of u/(-12) + 0 + 279?
2
Let l(z) = -6*z**2 - 7 - 5*z**2 - 3*z**3 + 19*z - 42*z + z**3. Let o(j) = j**3 + j**2 - 2*j + 6. Let i be o(-3). What is the tens digit of l(i)?
6
Let r = -46865 - -85899. What is the hundreds digit of r?
0
Suppose -4*v = -3*z + z - 82, 5*v = -3*z + 108. What is the units digit of 8877/v + -7 - 2/(-7)?
6
Let c = -90 - -115. Let p be 42/(-3 - c/(-5)). What is the units digit of (1 + p)/((-60)/(-270))?
9
Let s = 98 - 96. Suppose 35 - 19 = -s*f. Let r(j) = 2*j**2 + 9*j - 17. What is the units digit of r(f)?
9
Let k be (-2 + (-33)/(-18))*-8*3. Suppose 0 = 2*l + 2, k*b + l + 3 = -14. What is the units digit of 4 - (b + 4 - 9)?
3
Let k = -33775 + 65244. What is the ten thousands digit of k?
3
Suppose -2*i - 4 = -3*l - 79, 2*l = 5*i - 182. Suppose 3*b + i = 9*b. What is the tens digit of (301/(-14))/((-1)/b)?
2
Let r = -11370 + 39297. What is the units digit of r?
7
Suppose -25*a = -13*a - 298524. Suppose -a = -19*w - 6029. What is the tens digit of w?
9
Let f(c) = 98*c**3 + 2*c**2 - 5. Let j be f(2). Let d = -371 + j. What is the hundreds digit of d?
4
Suppose 66*m = 68*m - 18. Suppose -4*o = -3*u + o + 17, -o - m = -2*u. Suppose 0*x = 3*x + t - 557, -u*x + 3*t + 760 = 0. What is the hundreds digit of x?
1
Suppose -3*d = -8*d + 3*s + 1304, -5*d = 2*s - 1314. Let g = 409 - d. Suppose 2*p = g + 75. What is the tens digit of p?
1
Let t(j) = 2*j**3 - 44*j**2 + 40*j + 34. Let u be t(21). What is the units digit of 7 + 60/u - 2089/(-2)?
4
Suppose 7*s = 651 + 294. Suppose 0 = -2*k - 35 + s. What is the units digit of k?
0
Let w = 97 + 29. Let h be (-1288)/(-24) + 3/9. Let v = w + h. What is the units digit of v?
0
Suppose 0 = 2*v + 2*n - 6, 2*v - 6 = -5*n. Suppose 2*g - 4*u = -g + 410, -4*u = v*g - 418. Let r = g + -25. What is the hundreds digit of r?
1
Let j = 28672 + -18349. Suppose 54*b + j = 63*b. What is the units digit of b?
7
Let n(i) = i**3 - 2*i**2 - 5*i + 8. Let o be n(3). Let g = o - -530. What is the tens digit of g?
3
Suppose -6*o + 2*o + 12 = 0. Let l(x) = -x + 7. Let z be l(o). What is the units digit of (1 + (-20)/z)*45/(-4)?
5
Let p be ((-104)/10)/(2 + 147/(-70)). Suppose -p = 2*k - 132. Suppose -2584 = -k*r - 512. What is the hundreds digit of r?
1
Let v = 934 - -213. Let x = 1685 - v. What is the units digit of x?
8
Suppose 3*r - 2*r + 2 = s, 5*s - 2*r = 13. Suppose -2*c - 4*z = 0, s*c + 0*z = -4*z + 4. Let f(j) = 8*j - 2. What is the tens digit of f(c)?
3
Let u = 735 - -2632. What is the thousands digit of u?
3
Suppose 0*v = 3*v - 4*a - 21712, a = -2*v + 14449. What is the tens digit of v?
2
Suppose 2*t + 11 = 3*g, -g + 7 = 2*t - 2. Let y(i) = 4*i + 10. Let m(v) = 4*v + 9. Let q(p) = g*m(p) - 6*y(p). What is the units digit of q(-11)?
9
Let l be 57/21 - 6/(-21) - 6. Let r be (-2)/l*(-2)/4*6. What is the units digit of (48/(-40))/(r + (-1011)/(-510))?
8
Suppose g = 4*p + 3*g + 2300, 3*p - 2*g = -1711. Let y = -232 - p. What is the hundreds digit of y?
3
Suppose -3*b + 2061 - 687 = -3*y, -4*y + 2*b = 1822. Let w = y - -480. What is the units digit of w?
7
Let w = -1168 + 1960. Suppose -2*t = -r - w, -t - 8*r = -7*r - 399. What is the tens digit of t?
9
Let o(b) be the third derivative of b**5/60 - 5*b**4/8 + 9*b**3 - 28*b**2. What is the hundreds digit of o(20)?
1
Suppose 0 = -5*w - n + 2395, 494 = 3*w + 2*n - 950. What is the units digit of w?
8
Suppose -o + 5*u + 2 = -0*u, 2*u = -3*o + 23. Let z = o + -11. What is the units digit of 1*z + 103 + -5?
4
Let i(y) = y**2 + 8*y + 22. Let h(n) = -n**3 - 10*n**2 + 9*n - 25. Let a be h(-11). Let j be 82/(-6) - (4/a)/2. What is the units digit of i(j)?
7
Let h be 1 + -3 + 4 - 51. Let l = -32 - h. Suppose -y + 114 = -l. What is the hundreds digit of y?
1
Let h(p) = -2*p**3 + 14*p**2 + p - 8*p**2 + 4*p**2 + 6 + p**3. Suppose 10*f + 6*f = 112. What is the tens digit of h(f)?
6
Suppose 17681 = -8*w + 11*w + v, -5*v - 29495 = -5*w. Suppose -5*r + 2*i = -5895, -i - w = -4*r - r. What is the units digit of r?
9
Let w(a) = -a + 7. Let y be w(-13). Suppose 23*l - y*l - 1143 = 0. Suppose -r = 4*f - 0*r - 310, 5*f - 2*r = l. What is the units digit of f?
7
Let r = -689 - -262. Let v = r + 674. What is the hundreds digit of v?
2
Suppose 3*o + 32 = 5*w, -w + 5 = -o - 3. Suppose -l + 5*l = -w. What is the tens digit of ((2 - 61) + (-8)/4)/l?
6
Let o(k) = -1531*k + 123. What is the thousands digit of o(-5)?
7
What is the thousands digit of (2*-1 + 14304)*((-377)/26)/(-29)?
7
Let w(o) = 253*o**2 - 10*o - 8. What is the thousands digit of w(5)?
6
Let z be -3*(3 - 4 - 0). What is the units digit of 437 + 6/(-18)*z?
6
Let z be (56/(-24))/((-7)/9). What is the tens digit of z/(-9 - 3) + 73318/56?
0
Suppose -5*m + 2*t + 218 = 0, -t + 4*t = -4*m + 179. Let a = 156 - m. Let p = a - 30. What is the units digit of p?
2
Let s(m) = m**3 + 2*m**2 - 5*m + 2. Let c be s(2). What is th